{"id":12141,"date":"2017-01-11T09:45:21","date_gmt":"2017-01-11T09:45:21","guid":{"rendered":"http:\/\/campitocha.com\/cms\/?product=reboques-005"},"modified":"2017-04-26T10:24:43","modified_gmt":"2017-04-26T10:24:43","slug":"reboques-005","status":"publish","type":"product","link":"https:\/\/campitocha.com\/?product=reboques-005","title":{"rendered":"REBOQUES 005"},"content":{"rendered":"<p>Atrelados fechados com variantes e dimens\u00f5es quase ilimitadas, constru\u00eddas em sandu\u00edche e\/ou plywood.<\/p>\n","protected":false},"excerpt":{"rendered":"<p>Atrelados fechados<\/p>\n","protected":false},"featured_media":12284,"comment_status":"open","ping_status":"closed","template":"","meta":{"_et_pb_use_builder":"","_et_pb_old_content":"","_et_gb_content_width":""},"product_cat":[15],"product_tag":[],"_links":{"self":[{"href":"https:\/\/campitocha.com\/index.php?rest_route=\/wp\/v2\/product\/12141"}],"collection":[{"href":"https:\/\/campitocha.com\/index.php?rest_route=\/wp\/v2\/product"}],"about":[{"href":"https:\/\/campitocha.com\/index.php?rest_route=\/wp\/v2\/types\/product"}],"replies":[{"embeddable":true,"href":"https:\/\/campitocha.com\/index.php?rest_route=%2Fwp%2Fv2%2Fcomments&post=12141"}],"wp:featuredmedia":[{"embeddable":true,"href":"https:\/\/campitocha.com\/index.php?rest_route=\/wp\/v2\/media\/12284"}],"wp:attachment":[{"href":"https:\/\/campitocha.com\/index.php?rest_route=%2Fwp%2Fv2%2Fmedia&parent=12141"}],"wp:term":[{"taxonomy":"product_cat","embeddable":true,"href":"https:\/\/campitocha.com\/index.php?rest_route=%2Fwp%2Fv2%2Fproduct_cat&post=12141"},{"taxonomy":"product_tag","embeddable":true,"href":"https:\/\/campitocha.com\/index.php?rest_route=%2Fwp%2Fv2%2Fproduct_tag&post=12141"}],"curies":[{"name":"wp","href":"https:\/\/api.w.org\/{rel}","templated":true}]}}